0. What is the units digit of k?
3
Let j = -5 + 6. Let o = 2 - j. What is the units digit of o?
1
Let h(c) = -c**3 + 5*c**2 - 5*c + 3. Let o be h(4). Let v(f) = -15*f + 1. Let g be v(o). Suppose -j + g = j. What is the units digit of j?
8
Let x(s) = -2*s + 1. Let c be x(2). Suppose 3*a + 6 = -6. Let n = c - a. What is the units digit of n?
1
Let h = 9 + 4. What is the tens digit of h?
1
Suppose 0 = w - 4 + 2. Suppose 4 = 2*r - w*a - 2, 2*r + 4*a - 12 = 0. What is the units digit of r?
4
Let j(g) = g**2 - 5*g - 7. Suppose z - 2*z + 16 = 5*a, -5*z + 20 = -5*a. Let t be j(z). Let q(s) = -9*s - 1. What is the units digit of q(t)?
8
Suppose 6*d - 4 = 2*d. Suppose -5*s = -3*y + 41, -d = -4*s + 7. Let f = y - 10. What is the units digit of f?
7
What is the tens digit of 494/14 - 8/28?
3
Suppose 4 = 3*m - m. Suppose -3*q + 120 = 2*q + 5*k, 0 = 4*q - m*k - 102. What is the tens digit of q?
2
Suppose g + 192 = 3*g. What is the tens digit of (-2)/(-4)*g/4?
1
Let z be ((-3)/9)/(1/(-6)). Suppose -2*p + 84 = -z*g, 147 = 3*p + 4*g - 0*g. Let o = p - 29. What is the tens digit of o?
1
Suppose 2*y - 5*y = 0. Suppose -5*p = -2*j - 2, 0*p = -2*p - 4*j + 20. Suppose -r - 4 = p*x, r + r - 4*x - 24 = y. What is the units digit of r?
4
Suppose 83 - 575 = -4*l. What is the units digit of l?
3
Suppose x - 2*x - 2 = 0, -4*f - 4*x - 4 = 0. Suppose 0 = -5*m - f + 11. Suppose 3*n = m*r - 7, -r + 7 = 3*n - n. What is the units digit of n?
1
Let g = 210 + -139. What is the units digit of g?
1
Let l = 11 - 4. Let u(y) = y**2 - 12*y + 15. Let a be u(10). Let c = a + l. What is the units digit of c?
2
Let x be 1 - 9 - 1/1. Suppose 0*h = -4*h - 560. What is the units digit of h/(-18) + (-2)/x?
8
Suppose 3*j = 4*j, -p + j = -9. Let t = p - -5. What is the tens digit of t?
1
Let v(m) = 2*m**2 + 4*m - 3. Let t(s) = s**2 + 3*s + 2. Let k be t(-3). Let b be v(k). What is the tens digit of (1 + 0)*b + -2?
1
Suppose 5*j = 6*j - 13. Suppose -2*x - 5*h + 10 = -j, -5*h = 25. What is the units digit of x?
4
Suppose -2*f = 4*z - 19 - 879, 229 = z + 2*f. What is the units digit of z?
3
Let n(f) = -2*f - 12. Let p be n(-10). Let o(z) = -z + 1. Let t(v) = -24*v + 8. Let m(s) = p*o(s) - t(s). What is the units digit of m(1)?
6
Suppose 0*i - 4*i + 72 = 0. What is the tens digit of i?
1
What is the units digit of (60/(-35))/(0 + (-1)/203)?
8
Suppose -2*b - 68 = 2*b. Let p = b + 29. What is the tens digit of p?
1
Suppose 3*g - 8 = 13. What is the units digit of g?
7
Let q(t) = 8*t**2 - t + 1. Let c be q(-1). Let h = 19 - c. What is the units digit of h?
9
Let k be 10/((-5)/(-2) + -2). Suppose -5*p + 10 = -5. Suppose a - k = -p*a. What is the units digit of a?
5
Let f be -1 + 2 + 0 + 2. Let q = f + -4. What is the units digit of -6*(-2)/(-6)*q?
2
Suppose 0*c + 27 = 3*b + 5*c, -9 = -b - 3*c. Let i(y) = -2*y + 1. Let o be i(-1). Suppose -o*s - b = -4*s. What is the units digit of s?
9
Let j = 13 + -10. Let c be 1 + -1*(-4)/1. Suppose -5*z + 6*z + 14 = c*a, -3*z + j*a - 6 = 0. What is the units digit of z?
1
Suppose 3*k - 142 - 56 = 0. What is the tens digit of k?
6
What is the units digit of 55 - -4*(1 + -2)?
1
Let q(x) = x + 4*x + 2 + 3*x**2 - x**3 - 3. What is the units digit of q(4)?
3
Suppose 9 = 5*w - 11. Suppose -2*b - 2*b - x = -61, 28 = b - w*x. What is the tens digit of b?
1
Let y(o) be the third derivative of -o**7/2520 + o**6/720 - o**5/30 + o**2. Let n(w) be the third derivative of y(w). What is the units digit of n(-3)?
7
Suppose 0 = -l - 11 + 2. Let u = l + 28. What is the units digit of u?
9
Let o be 0 + 3/((-3)/(-2)). Suppose -o*m = -4*q + 18, -3 = 2*m - 3*q + 4*q. What is the units digit of ((-5)/m)/(3/9)?
5
Let o be ((-1)/(-2))/(4/24). Suppose 0 = -2*d + o*d - 2*q - 20, 0 = -2*d + 3*q + 36. Let p(i) = -i**3 + 11*i**2 + 12*i + 14. What is the tens digit of p(d)?
1
Let y(q) = -3*q + 59. What is the units digit of y(0)?
9
Suppose -94 = -2*x - 4*j - 30, -4*x - 4*j = -124. What is the tens digit of x?
3
What is the units digit of 10 + -1 + (10 - 9)?
0
Let s(g) = 6*g**3 - 2*g**2 + 1. Let u be s(1). Suppose 2*o + 2*o - 120 = 0. Suppose u*m = -4*z + 60, 4*z = 2*z - 2*m + o. What is the tens digit of z?
1
Let j(g) = -16*g - 12. What is the units digit of j(-8)?
6
Suppose 4*s = 20 - 0. Let g(r) = -r**3 + 5*r**2 + 3*r - 5. What is the units digit of g(s)?
0
Let a be (2 - 0/2) + -2. Let n = a - -4. Suppose t + 2*b = -1, -19 + 7 = -4*t - n*b. What is the units digit of t?
7
Let z(t) = -242*t**3 + t + 1. What is the hundreds digit of z(-1)?
2
Let t be (-18)/3*8/(-6). Let w(j) = j**2 - 6*j - 5. What is the tens digit of w(t)?
1
Suppose 4*k + 0*k - 20 = 3*h, 3*k - 20 = h. Let z(i) = -i**2 + 9*i - 2. What is the units digit of z(k)?
6
What is the hundreds digit of 12*129*(-4)/(-48)?
1
Let l(x) be the first derivative of x**4/4 - x**3/3 - x**2/2 - 24*x + 2. Let q be l(0). What is the units digit of (-1)/(-2*(-3)/q)?
4
Suppose -z - 1 = 3. What is the units digit of z/6 + (-112)/(-6)?
8
Suppose -28 = 3*h + h. Suppose f = -2*u - 32, -u + 2*f = 4 + 7. Let o = h - u. What is the units digit of o?
8
Suppose 4*o + 98 = 2*t, 5*t = 2*o - 0*o + 245. Let a = t + -34. What is the tens digit of a?
1
What is the tens digit of -8*((-52)/8 - -4)?
2
Suppose 3*x + 39 + 34 = 2*s, -3*x - 9 = 0. What is the units digit of s?
2
What is the units digit of (-15)/10*8/6 - -59?
7
Suppose -2*g - g + 3*z + 24 = 0, -4*z = -8. What is the tens digit of g?
1
Suppose -9 = -3*z + 9. What is the units digit of z?
6
Suppose -3*a - 5 + 20 = 0. Suppose -2*q = -0*v + v - a, v = -5*q + 11. What is the units digit of q?
2
Let k be (-1)/1 - (-3)/1. Let d = 0 + k. Let y = d - 1. What is the units digit of y?
1
Suppose 5*j + b - 258 = 0, -4*j + 4*b + 212 = 2*b. Suppose j = 6*x - 4*x. What is the tens digit of x?
2
Let l = -14 + 20. Let h(c) = -5*c - 1. Let q be h(-3). Suppose 3*y - y - q = -3*b, -2*y + b = -l. What is the units digit of y?
4
Suppose -2*s - 20 = -5*z, -8*s + 3*s + 49 = 4*z. What is the units digit of z?
6
Let y = -80 + 56. Let m = y - -34. Let j = m + -2. What is the units digit of j?
8
Suppose 0 = 4*h + h - 305. Suppose -12 - 4 = 4*m, -h = -3*g + 4*m. What is the tens digit of g?
1
Suppose -3*s + 1154 = 2*o + s, -o + 576 = 3*s. What is the units digit of 2/(-12) - o/(-18)?
2
Let m = 27 + 11. Let z = -23 + m. What is the tens digit of z?
1
Let n be (-8)/(-4 - (0 + -2)). Suppose -u - n*u + 5*i + 40 = 0, 0 = -4*i + 4. What is the units digit of u?
9
Let t(h) = 4*h**3 - 2*h**2 + 2*h - 1. Let y be t(1). Suppose y*f = 3*x + 24, 4*x = -3*f + x. What is the units digit of f?
4
What is the hundreds digit of (-524)/(-2) - (5 - (6 - -2))?
2
Let o(r) = -r - 3. Let c(j) be the second derivative of j**4/12 - j**3 + 2*j**2 + j. Let k be c(4). What is the units digit of o(k)?
1
Let f = 6 + -15. Let m(j) = j**2 + 9*j - 4. Let r be m(f). Let z(v) = -v + 5. What is the units digit of z(r)?
9
Let o be (-3 + 6)*(-46)/6. Let p = 7 - o. Suppose 3*y = -x + 14, 5*x + 3*y - p = 2*x. What is the units digit of x?
8
Let a(u) = -4*u - 6. Suppose 2*f + 2 = -4, -2*s - 4*f = 26. Let o be a(s). Suppose 0 = -2*b + b + 5*g + o, g + 17 = 2*b. What is the units digit of b?
7
Let m(s) = s**2 - 10*s - 6. Suppose r + 2 = 3*w - 38, -5*r = 5*w - 60. What is the units digit of m(w)?
3
Suppose -50*a - 1145 = -55*a. What is the units digit of a?
9
Let t(h) = -51*h**3 + h**2 - 1. What is the tens digit of t(-1)?
5
Let u = -10 - -62. Let q = -8 + 13. Suppose 0 = 3*o, 0 = -q*d + 4*o + 43 + u. What is the tens digit of d?
1
Let n = 30 + -27. Suppose -n*p + 29 = -2*p. What is the units digit of p?
9
Suppose -4*w + 2*w = -136. What is the tens digit of w?
6
Suppose -4*n + 4*h = 24, -4*h - 4 + 16 = 2*n. Let f = n - -2. Suppose f = g - 4 - 4. What is the units digit of g?
8
Suppose 0 = 2*d - 4, -4*d + 3 + 135 = -5*z. Let x = -8 - z. What is the units digit of x?
8
Suppose 0 = p - 16 + 2. Suppose 2*v + g - 12 = 0, -8 = -v - 5*g + 4*g. Suppose p = v*c - 6. What is the units digit of c?
5
Suppose 4*h = 3*h + 11. Let v be (-2)/(-4) - h/(-2). What is the units digit of -3*(-1)/v*6?
3
Let s(i) = i + 7. Let k be s(-5). Suppose 2*p - 10 = 5*a - 2*a, -k*a = 3*p - 2. What is the units digit of (2 - -14) + 1 + a?
5
Let q be (3/6)/(2/16). Let x(t) = q*t - 3*t - 5*t - 3 + 3*t. What is